{"id":1203,"date":"2018-10-18T11:48:58","date_gmt":"2018-10-18T11:48:58","guid":{"rendered":"http:\/\/physioherrmann.de\/?page_id=1203"},"modified":"2018-11-02T12:15:50","modified_gmt":"2018-11-02T12:15:50","slug":"ernaehrungsberatung","status":"publish","type":"page","link":"https:\/\/physioherrmann.de\/?page_id=1203","title":{"rendered":"Ern\u00e4hrungsberatung"},"content":{"rendered":"<p style=\"text-align: left;\"><span style=\"font-size: 12pt; font-family: helvetica, arial, sans-serif;\"><br \/>\nBietet eine Unterst\u00fctzung bei der Ern\u00e4hrungsumstellung. Wir beantworten Fragen zu Allergien und Lebensmittelunvertr\u00e4glichkeit, analysieren Ihr Essverhalten und stellen Ern\u00e4hrungspl\u00e4ne auf.<br \/>\nWenn Sie viel Sport treiben und wissen wollen, wie Sie Ihre Leistungsf\u00e4higkeit durch eine passende Ern\u00e4hrung steigern k\u00f6nnen, sind Sie bei uns genau richtig!<br \/>\nEbenfalls bieten wir eine Einkaufsberatung an oder geben Tipps f\u00fcr eine angepasste Ern\u00e4hrung in verschiedenen Lebenslagen.<\/span><\/p>\n<p>&nbsp;<\/p>\n<p>&nbsp;<\/p>\n<p><span style=\"font-family: helvetica, arial, sans-serif; font-size: 18pt;\"><strong>Die Ern\u00e4hrungspyramide<\/strong><\/span><img loading=\"lazy\" decoding=\"async\" class=\"aligncenter size-full wp-image-1280\" src=\"https:\/\/physioherrmann.de\/wp-content\/uploads\/2018\/10\/aid-ernaehrungspyramide.jpg\" alt=\"\" width=\"1200\" height=\"600\" srcset=\"https:\/\/physioherrmann.de\/wp-content\/uploads\/2018\/10\/aid-ernaehrungspyramide.jpg 1200w, https:\/\/physioherrmann.de\/wp-content\/uploads\/2018\/10\/aid-ernaehrungspyramide-300x150.jpg 300w, https:\/\/physioherrmann.de\/wp-content\/uploads\/2018\/10\/aid-ernaehrungspyramide-768x384.jpg 768w, https:\/\/physioherrmann.de\/wp-content\/uploads\/2018\/10\/aid-ernaehrungspyramide-1024x512.jpg 1024w\" sizes=\"auto, (max-width: 1200px) 100vw, 1200px\" \/><\/p>\n<p><span style=\"font-family: helvetica, arial, sans-serif;\"><br \/>\nKohlenhydrate, Fett, Eiwei\u00df, Vitamine, Ballaststoffe &amp; Co. All diese\u00a0Begriffe sind\u00a0jedem gel\u00e4ufig. Nur welches\u00a0Lebensmittel enth\u00e4lt welchen dieser Nahrungsbestandteile und wie viel davon braucht jeder Einzelne?<\/span><br \/>\n<span style=\"font-family: helvetica, arial, sans-serif; font-size: 12pt;\"> Mit dieser Frage tappen\u00a0viele Menschen, selbst wenn sie den Wert auf eine gesunde Ern\u00e4hrung legen, im Dunklen. Unz\u00e4hlige Ern\u00e4hrungs-Trends und Schlagw\u00f6rter zu dem Thema in den Medien stiften weiter gro\u00dfe Verwirrung rund um das Ern\u00e4hrungsthema:<\/span><br \/>\n<span style=\"font-family: helvetica, arial, sans-serif; font-size: 12pt;\"> Muss man auf Weizenmehl komplett verzichten und auf Dinkel umsteigen? Soll man zuk\u00fcnftig Laktose weglassen, daf\u00fcr Sojaprodukte konsumieren? Darf man \u00fcberhaupt Obst essen, obwohl es Fructose enth\u00e4lt? Lebt man ges\u00fcnder, wenn man sich vegan ern\u00e4hrt? Oder ist vegetarische Kost zu bevorzugen?<\/span><br \/>\n<span style=\"font-family: helvetica, arial, sans-serif; font-size: 12pt;\"> Hinzu kommen noch unz\u00e4hlige <strong>Nahrungserg\u00e4nzungsmittel<\/strong>, kleine bunte Pillen, die Gesundheit versprechen&#8230;<\/span><\/p>\n<p><span style=\"font-family: helvetica, arial, sans-serif; font-size: 12pt;\">An dieser Stelle kommt unsere <strong>Ern\u00e4hrungspl\u00e4ne-Spezialistin, Jennifer Wolter<\/strong>, ins Spiel:<\/span><br \/>\n<span style=\"font-family: helvetica, arial, sans-serif; font-size: 12pt;\"> Sie versucht, gemeinsam mit Ihnen, <strong>Licht in den dunklen &#8222;M\u00e4rchenwald&#8220; der Ern\u00e4hrungs-Trends<\/strong> zu bringen.<\/span><\/p>\n<p><span style=\"font-family: helvetica, arial, sans-serif; font-size: 12pt;\">Jeder Organismus hat andere Bed\u00fcrfnisse, jeder Mensch ist unterschiedlichen Belastungen ausgesetzt &#8211; dementsprechend unterscheidet sich der Energieumsatz von Mensch zu Mensch und die Anforderungen an seinen Speiseplan.<\/span><\/p>\n<p>&nbsp;<\/p>\n<p><img loading=\"lazy\" decoding=\"async\" class=\"aligncenter size-full wp-image-1289\" src=\"https:\/\/physioherrmann.de\/wp-content\/uploads\/2018\/10\/Ernaehrunsgtagebuch-1.jpg\" alt=\"\" width=\"1200\" height=\"600\" srcset=\"https:\/\/physioherrmann.de\/wp-content\/uploads\/2018\/10\/Ernaehrunsgtagebuch-1.jpg 1200w, https:\/\/physioherrmann.de\/wp-content\/uploads\/2018\/10\/Ernaehrunsgtagebuch-1-300x150.jpg 300w, https:\/\/physioherrmann.de\/wp-content\/uploads\/2018\/10\/Ernaehrunsgtagebuch-1-768x384.jpg 768w, https:\/\/physioherrmann.de\/wp-content\/uploads\/2018\/10\/Ernaehrunsgtagebuch-1-1024x512.jpg 1024w\" sizes=\"auto, (max-width: 1200px) 100vw, 1200px\" \/><\/p>\n<p>&nbsp;<\/p>\n<p><span style=\"font-family: helvetica, arial, sans-serif; font-size: 12pt;\">Deshalb ist die <strong>Basis einer soliden Ern\u00e4hrungsberatung<\/strong> die Erhebung des <strong>individuellen &#8222;Ist-Zustands&#8220;<\/strong> der Testperson (wie die Erst-Befundserhebung in der Physiotherapie).<br \/>\nDie Ern\u00e4hrungsberaterin analysiert mit Hilfe eines <strong>7-Tage-Ern\u00e4hrungs-Tagebuchs<\/strong> Ihr pers\u00f6nliches <strong>Bedarfsprofil<\/strong> anhand Ihres Ess- und Bewegungsverhaltens.<br \/>\nDaraufhin erstellt sie Ihnen einen Speiseplan mit neuen <strong>&#8222;Erfolgs-Rezepten&#8220;<\/strong> inkl. Tricks und Tipps, wie Sie Ihre <strong>k\u00f6rperliche und geistige Leistungsf\u00e4higkeit<\/strong> durch auf Sie abgestimmte Nahrungsmittel <strong>verbessern k\u00f6nnen<\/strong>.<br \/>\nDazu geh\u00f6rt selbstverst\u00e4ndlich, dass man Lebensmittel gegen welche eine Unvertr\u00e4glichkeit besteht, aus seinem Speiseplan verbannt. In der Praxis kommt das allerdings seltener vor, als einem es die Medienwelt vermeintlich vorgaukeln will. Viel entscheidender ist, dass man die individuellen Bed\u00fcrfnisse und Ziele ber\u00fccksichtigt. (So wird eine Frau, die gegen 10 \u00fcbersch\u00fcssige Restschwangerschafts-Kilos ank\u00e4mpft einen anderen Speiseplan erhalten, als ein Marathonl\u00e4ufer, der <strong>Fit f\u00fcr den Wettkampf<\/strong> sein m\u00f6chte&#8230;) Au\u00dferdem kann man, in vielen F\u00e4llen, durch die Umstellung seiner Lebensgewohnheiten, Beschwerden wie Verstopfungen, Bl\u00e4hungen oder Sodbrennen lindern, denn <span style=\"color: #2e6f33; font-size: 14pt;\"><strong>Essen geht<\/strong><\/span> ja, bekannter Weise, <span style=\"color: #2e6f33; font-size: 14pt;\"><strong>durch den Magen<\/strong><\/span>.<\/span><\/p>\n<p>&nbsp;<\/p>\n<p><span style=\"font-size: 12pt;\"><em><span style=\"font-family: helvetica, arial, sans-serif;\">Wenn Sie Fragen zu o.g. Themen oder anderen haben, wenden Sie sich gerne per Email, telefonisch oder pers\u00f6nlich an unsere Rezeption. Dort erfahren Sie N\u00e4heres zur praktischen Durchf\u00fchrung einer Ern\u00e4hrungsberatung.<\/span><\/em><\/span><\/p>\n<p>&nbsp;<\/p>\n","protected":false},"excerpt":{"rendered":"<p>Bietet eine Unterst\u00fctzung bei der Ern\u00e4hrungsumstellung. Wir beantworten Fragen zu Allergien und Lebensmittelunvertr\u00e4glichkeit, analysieren Ihr Essverhalten und stellen Ern\u00e4hrungspl\u00e4ne auf. Wenn Sie viel Sport treiben und wissen wollen, wie Sie &#8230; <a title=\"Ern\u00e4hrungsberatung\" class=\"read-more\" href=\"https:\/\/physioherrmann.de\/?page_id=1203\" aria-label=\"Mehr Informationen \u00fcber Ern\u00e4hrungsberatung\">Weiterlesen<\/a><\/p>\n","protected":false},"author":2,"featured_media":0,"parent":0,"menu_order":0,"comment_status":"closed","ping_status":"closed","template":"","meta":{"footnotes":""},"class_list":["post-1203","page","type-page","status-publish"],"_links":{"self":[{"href":"https:\/\/physioherrmann.de\/index.php?rest_route=\/wp\/v2\/pages\/1203","targetHints":{"allow":["GET"]}}],"collection":[{"href":"https:\/\/physioherrmann.de\/index.php?rest_route=\/wp\/v2\/pages"}],"about":[{"href":"https:\/\/physioherrmann.de\/index.php?rest_route=\/wp\/v2\/types\/page"}],"author":[{"embeddable":true,"href":"https:\/\/physioherrmann.de\/index.php?rest_route=\/wp\/v2\/users\/2"}],"replies":[{"embeddable":true,"href":"https:\/\/physioherrmann.de\/index.php?rest_route=%2Fwp%2Fv2%2Fcomments&post=1203"}],"version-history":[{"count":29,"href":"https:\/\/physioherrmann.de\/index.php?rest_route=\/wp\/v2\/pages\/1203\/revisions"}],"predecessor-version":[{"id":1317,"href":"https:\/\/physioherrmann.de\/index.php?rest_route=\/wp\/v2\/pages\/1203\/revisions\/1317"}],"wp:attachment":[{"href":"https:\/\/physioherrmann.de\/index.php?rest_route=%2Fwp%2Fv2%2Fmedia&parent=1203"}],"curies":[{"name":"wp","href":"https:\/\/api.w.org\/{rel}","templated":true}]}}